t t(p) = 3*p**2 - 17*p + 2. Give t(i).
-8
Let y be (-32 - 1)/(2/(-2)). Let i = 411 - 373. Let w = y - i. Let m(q) = 2*q - 6. What is m(w)?
-16
Suppose 40*f - 22*f = 36. Let y(v) = -14*v - 1. Determine y(f).
-29
Suppose 0 = -223*i + 217*i - 66. Let g(o) = -3*o - 24. Give g(i).
9
Let z(m) = 5*m - 17. Let n = -111 + 114. Determine z(n).
-2
Let p = -48479/120 + 404. Let b(a) be the third derivative of 1/24*a**4 + 0*a - 7/6*a**3 + 0*a**5 + p*a**6 + 4*a**2 + 0. Give b(0).
-7
Let u(z) be the third derivative of 1/12*z**4 + 0 + 1/2*z**3 + 0*z - 4*z**2. Let x(h) = -2*h - 2. Let n(v) = -4*u(v) - 5*x(v). Determine n(3).
4
Suppose -29 + 77 = -8*h. Let i(x) = x**2 + 5*x + 9. Calculate i(h).
15
Let n(w) = w**2 + 7*w + 7. Let l(o) = o**2 + 4*o - 3. Let c be l(-5). Let p = c - 8. What is n(p)?
1
Let p(q) = -q + 13. Let k be p(9). Suppose -20 - 68 = -4*j. Suppose -u = k*w + u + j, -2*w + u = 1. Let v(f) = -f**3 - 3*f**2 - 2*f + 3. Calculate v(w).
9
Let d(r) = -r + 9. Let a = 35 + -13. Suppose 4*m - 10 - a = 0. Determine d(m).
1
Suppose 3*p - 13 = -1. Let y(f) = -f**2 - 3 - 2*f + 3 + f**3 + 3*f + 1. Let r(d) = -6*d**3 + 9*d**2 - 6*d - 7. Let i(m) = r(m) + 5*y(m). What is i(p)?
-6
Let p(b) = b**3 - 4*b**2 + b + 3. Let i be -1 + 3 + 0 - 15. Let q = i - -15. Suppose -2*c = q*c, 5*c - 4 = -r. Give p(r).
7
Suppose 9*i - 3*i = 48. Let s(a) = -a**2 + 1. Let t(d) = -6*d**2 + 8*d - 2. Let v(z) = -5*s(z) + t(z). Give v(i).
-7
Let m(s) = -5*s + 8*s - 7*s**2 + s**3 + 4*s. Let x = -41 + 47. Calculate m(x).
6
Let j(q) = -4*q**2 - 9*q + 7. Let n(r) = -7*r**2 - 17*r + 13. Let w(g) = 5*j(g) - 3*n(g). Suppose 0*h + 5 = -h. Determine w(h).
-9
Suppose -3*a - a + 24 = 0. Let h(s) be the second derivative of 1/20*s**5 - 5/12*s**4 + 0 + s - s**3 - 7/2*s**2. Determine h(a).
-7
Let u be (-12*(-5)/10)/1. Let v be (u/(-4))/(18/(-60)). Suppose 2*o - v*o = 2*j - 16, -3*o = 4*j - 14. Let y(t) = 2*t - 7. Calculate y(o).
5
Suppose -m - 2*m = -z - 3, 4*m + 4*z - 20 = 0. Let w(j) = 10 - 6 - 2*j**m - j - 4*j. What is w(3)?
-29
Let r(a) be the second derivative of a**5/20 + a**4/12 - a**2 + 3*a + 6. Suppose v + 0*v + 4 = 0. Let z = -4 - v. Calculate r(z).
-2
Let y(c) = -c**2 + 13*c + 9. Let t be (-4*28/32)/(2/(-8)). Give y(t).
-5
Suppose 62 = 5*x - 33. Let q(k) = -9*k + 2 - 7*k + x*k - k**3. Determine q(-2).
4
Let d = 15 + -14. Suppose 6*b - 2*b + 5*c - 111 = 0, -4*b + c + 117 = 0. Let x(f) = b*f - 11*f - 17*f - f**2 + 10*f**3. Determine x(d).
10
Suppose 3*c + 73 - 1 = 0. Let y be (-160)/(-60)*(-18)/2. Let v = y - c. Let i(q) = q**3 + q**2 + 8. What is i(v)?
8
Let j(d) = 2*d**2 + 3*d**2 + 12*d - d**3 + 0*d**3 - 15*d + 4. What is j(3)?
13
Let n be 10/(-15) - (-10)/(-3). Let w(q) = q**3 + 4*q**2 - 2*q. Give w(n).
8
Let y(k) = k - 1. Suppose 4*o = o + 21. Suppose -3*f = -o*f - 52. Let m = -20 - f. Determine y(m).
-8
Let s(a) = 2*a + 1096 + 8*a**2 - 1095 - 4*a. Let y(u) = -u**2 - 3*u + 1. Let c be y(-3). What is s(c)?
7
Let h = -231 + 238. Let d(s) = -s**2 + 4*s - 8. What is d(h)?
-29
Let g(d) be the first derivative of -d**3/3 - 5*d**2/2 + 5*d + 1. Suppose 6 = -5*i + 2*n - 7, i = -4*n - 29. Determine g(i).
5
Let u(b) = -2*b + 36. Let x be u(17). Let d(g) = 6*g**2 - g**3 + 4 + g + g**2 - 5 - 6*g**x. Determine d(0).
-1
Suppose -3*g = -g + 4. Let k(t) = -3*t - 29. Let y(c) = c + 14. Let f(q) = g*k(q) - 5*y(q). What is f(5)?
-7
Let s(p) be the first derivative of -p**4/12 + 4*p**3/3 - 2*p**2 - 6*p - 6. Let b(t) be the first derivative of s(t). Let y = -17 - -25. What is b(y)?
-4
Suppose 0 = 5*o + 3*z + 22, -6*z = -5*o - 5*z - 6. Let x(m) be the third derivative of -5*m**4/24 - m**3/3 - m**2 + 2472*m. Determine x(o).
8
Suppose 10*g - 6*g = 8. Let a(b) = -4*b**2 - 6 + 8*b + 2*b**g + 3*b**2 - 2*b**2. Determine a(5).
9
Suppose -1 = -u + 3. Let p(d) be the third derivative of d**4/24 - d**3 + 280*d**2 + 5*d. Determine p(u).
-2
Let h(z) be the first derivative of -z**4/12 + 5*z**3/3 + 15*z**2/2 + 11. Let m(o) be the second derivative of h(o). Give m(7).
-4
Let t(c) = 7 + c**2 - 3 + 3*c - 2*c - 6. Let h = 2 - -4. Suppose -2*j + 0*j - h = 0. Determine t(j).
4
Suppose 26*t + 84 = 5*t. Let i(d) be the third derivative of -d**6/120 - d**5/15 - d**4/12 + 2*d**3/3 + d**2. Calculate i(t).
12
Suppose 0 = -34*d - 15 - 53. Let s(b) = -3*b**3 - 3*b**2 + b + 2. Determine s(d).
12
Suppose -29 = -7*y + 34. Let m(d) = -d**2 + 8*d + 5. Determine m(y).
-4
Let j(n) = 3*n**3 - n**2 + 1. Let s = 10 - 31. Let r = s - -20. What is j(r)?
-3
Let j(p) be the second derivative of -p**4/12 + 5*p**3/6 + 5*p**2/2 + p. Suppose r - 34 = -5*o, -8*r = -7*r + 1. Give j(o).
-9
Let x(b) = 4*b**2 - 3*b + 3. Let g(w) = -3*w**2 + 2*w - 2. Let t(i) = 3*g(i) + 2*x(i). Suppose 2*m + 3*f = 21, 3*f + f - 14 = 2*m. What is t(m)?
-9
Let h(r) be the first derivative of -r**4/24 - 5*r**3/6 - 9*r**2/2 + 19. Let j(k) be the second derivative of h(k). Give j(-4).
-1
Let i(n) = -n**2 + n - 4. Suppose 0 = -106*t + 102*t. Let z be (-2 + t - 3)*12/(-20). Determine i(z).
-10
Let w(s) = 2*s - 3. Let h be w(-12). Let p = -21 - h. Let a(i) = i**3 - 7*i**2 + 6*i - 4. What is a(p)?
-4
Let j(n) = 199*n - 394*n + 200*n - 38. Calculate j(7).
-3
Suppose 4*x - 2*x = -208. Let w be (1 - -4) + 13/(x/16). Let a(q) = -q**2 + 5*q - 3. Give a(w).
3
Let v(z) = -z**3 - 5*z**2 + 16*z + 8. Let d(j) = 2*j**3 + 12*j**2 + 18*j - 3. Let m be d(-2). Determine v(m).
-6
Let r(k) be the third derivative of -k**6/120 + k**5/60 + k**4/24 + k**3/6 - k**2. Let g(s) = s**2 - s - 7. Let i be g(0). Let j = -7 - i. Calculate r(j).
1
Let z(c) = -4*c**3 + 2*c**2 - 2*c + 1. Let s = 30 - 22. Suppose 0 = -0*m + 4*m, 4*h - m - s = 0. Suppose -4 - h = -6*i. Determine z(i).
-3
Let u(g) = -g**2 - 6*g + 3. Let l(b) = b**3 - 5. Let c(k) = k**2 + 19*k - 42. Let a be c(-21). Let m be l(a). Determine u(m).
8
Let u(z) = -z**3 - 5*z**2 + z. Suppose -3*m = 5*n - 219, n - 121 = -2*m + 6*n. Let f = 63 - m. What is u(f)?
-5
Let a = 6 + -16. Let y = -55 - -63. Let g be a/(-3) - y/(-12). Let h(m) = m**2 - 5*m + 3. Determine h(g).
-1
Let g(m) = -m**3 - 5*m**2 + 5. Let j(f) = f**2 - 22*f - 28. Let t be j(23). Let w be g(t). Let z(r) = r**3 - 5*r**2 + 3*r - 7. What is z(w)?
8
Let d(u) be the first derivative of 0*u**2 - 5/3*u**3 - u + 67. Suppose -j = -4*q - 15, 8 = 4*j - 2*q - q. Determine d(j).
-6
Let b(h) = -6*h**2 + h**3 - 1 + 3*h + 2*h + 5. Suppose 0 = 8*r + 7*r - 60. What is b(r)?
-8
Let j(n) = 3 - 6 + 5 - 5 + 3*n. Let z(s) be the third derivative of -s**3/6 - s**2. Let g(i) = j(i) + 6*z(i). Calculate g(6).
9
Suppose -5*f - 20 = -t, 2*t = 3*t - 3*f - 12. Let b(n) be the third derivative of n**6/120 - 7*n**3/6 - 5*n**2. What is b(t)?
-7
Let x be 1/(-1)*-1*2. Let a be ((-2)/(-4) - 2)/(5/(-10)). Let t(c) = 6 + 2 - a - 3 - c. Give t(x).
0
Let h(s) = -2*s - 4. Let w(x) = 2*x**2 - 14*x + 8. Let z be w(6). Let a = z - 1. Give h(a).
6
Let m = -2001 + 1998. Let g(q) = -23*q + 3. Determine g(m).
72
Suppose 0 = 5*k - 2*t - 24, -3 = -5*k - 5*t + 7. Let a be (k - 1) + 12/6. Let r(o) = o - 11. Give r(a).
-6
Let l(t) = t**2 + 9*t + 6. Let c(f) = -45*f + 0 + 2 + 24*f + 22*f. Let b be c(-10). What is l(b)?
-2
Let p = -1 - 3. Let s(u) = -u + 2. Let w be s(p). Let h be (-3)/w - 39/(-6). Let j(i) = -i + 1. Determine j(h).
-5
Let c(t) = -9*t**3 + 1. Let x(h) = h**3 - 10*h**2 - 76*h + 16. Let g be x(15). Calculate c(g).
-8
Let l(c) be the second derivative of 13*c**5/5 - c**3/3 + c**2/2 + 729*c. Calculate l(1).
51
Let p(g) = 169*g - 1 - 354*g + 170*g - 18 + g**2. What is p(16)?
-3
Let g(d) = -6*d - 1 + d + 0*d. Let r(q) = 2*q**3 - 16*q**2 + 19*q - 17. Let c be r(7). Suppose 0 = 5*a - 23 + c. Give g(a).
-6
Let a(b) = b**2 - 4*b - 4. Let q be a(4). Let m(c) be the first derivative of -c**2/2 - c + 28. Give m(q).
3
Let n(b) = -3*b**2 - 71 + 38 + 4*b**2 - 4*b + 30. Determine n(5).
2
Let h be (16/(-20))/((-2)/15). Let c be (-1)/3 + 14/h. Let a(l) = 3*l. What is a(c)?
6
Suppose 0 = -4*y - 0*y + 84. Let w = y + -22. Let g(m) = 5*m. What is g(w)?
-5
Let v(d) = -2*d - 3. Let c(h) = 4*h + 4. Let q(w) = -3*c(w) - 5*v(w). Suppose 0 = 3*s + s - 12. Suppose s*m + 9 = -9. Give q(m).
15
Let b(z) be the first derivative of -z**5/120 - z**4/24 - 4*z**3/3 + 2. Let f(c) be the third derivative of b(c). Suppose -15 = -4*a - 3. Determine f(a).
-4
Let d(w) =